11
What is the highest common factor of 179186 and 630?
14
What is the greatest common factor of 931 and 32053?
133
What is the highest common factor of 7791938 and 57?
19
Calculate the greatest common factor of 12836 and 4052.
4
Calculate the highest common divisor of 595 and 3378495.
85
What is the highest common divisor of 4941014 and 348218?
1534
Calculate the highest common factor of 33281910 and 158.
158
What is the greatest common factor of 443138 and 16214?
134
Calculate the greatest common factor of 3132395 and 79205.
1085
What is the greatest common factor of 351137528 and 13641?
4547
What is the highest common divisor of 31718748 and 1148?
164
What is the highest common factor of 834 and 2800989?
417
Calculate the highest common divisor of 118573 and 2048137.
91
Calculate the highest common divisor of 44735138 and 178.
178
What is the greatest common factor of 2804592 and 72?
24
What is the highest common divisor of 2474 and 53736517?
1237
What is the highest common factor of 341102102 and 77?
11
What is the greatest common divisor of 209 and 4369753?
19
Calculate the highest common divisor of 23504 and 197236.
52
What is the greatest common divisor of 3928 and 1152868?
1964
Calculate the highest common factor of 136775 and 700675.
25
Calculate the highest common factor of 11819 and 437939.
53
What is the greatest common factor of 5943 and 118011?
849
Calculate the greatest common divisor of 182 and 3141307.
13
Calculate the highest common divisor of 81803504 and 368.
16
Calculate the greatest common divisor of 5557181 and 428532.
2747
Calculate the highest common divisor of 4590 and 34256790.
270
What is the greatest common factor of 6091 and 113?
1
Calculate the greatest common factor of 138560 and 51470710.
4330
Calculate the highest common factor of 10611 and 1424625.
393
What is the highest common factor of 55980554 and 1708?
854
What is the greatest common factor of 14520 and 71775?
165
What is the highest common divisor of 895308055 and 11470?
5735
Calculate the highest common factor of 3580696 and 19264.
2408
Calculate the greatest common factor of 3003 and 40636167.
429
Calculate the highest common divisor of 322 and 1280482.
14
Calculate the highest common factor of 14606 and 19434422.
134
What is the highest common factor of 2482 and 932450?
34
What is the highest common factor of 16436 and 3297766?
1174
Calculate the highest common factor of 390667000 and 80.
40
What is the highest common divisor of 23302 and 224234?
382
What is the greatest common factor of 273705 and 12122895?
1065
What is the greatest common factor of 1430390 and 325?
65
What is the greatest common divisor of 31726569 and 441?
147
Calculate the highest common factor of 335290 and 1680.
10
What is the greatest common divisor of 11453 and 117?
13
Calculate the highest common factor of 69559562 and 6.
2
What is the highest common divisor of 99355840 and 72?
8
Calculate the highest common factor of 5020855 and 86005.
835
Calculate the highest common factor of 6141696 and 324.
12
What is the highest common factor of 220248 and 26496?
1656
Calculate the greatest common factor of 189183 and 35397.
57
Calculate the greatest common factor of 267200 and 164800.
1600
Calculate the greatest common divisor of 24 and 57338940.
12
Calculate the greatest common divisor of 28 and 27273778.
14
What is the highest common divisor of 235212 and 7548?
204
Calculate the greatest common divisor of 30606589 and 78.
13
What is the highest common factor of 58159 and 251699908?
3061
Calculate the greatest common factor of 5 and 272666.
1
What is the highest common factor of 730501143 and 93?
93
What is the greatest common divisor of 11212084 and 14456?
52
What is the highest common factor of 726192 and 6964383?
5043
Calculate the greatest common factor of 69875286 and 62046.
2298
Calculate the highest common divisor of 13379 and 3298317.
787
Calculate the highest common divisor of 2086 and 110856.
298
What is the highest common divisor of 286 and 1130246?
26
What is the greatest common divisor of 15907 and 6217?
1
What is the greatest common factor of 10532344 and 4600?
184
What is the highest common divisor of 12 and 90539796?
12
What is the highest common factor of 105 and 31441?
1
Calculate the highest common divisor of 7798786 and 10286.
74
What is the greatest common divisor of 237640 and 52443035?
2285
What is the highest common divisor of 80042755 and 29?
29
What is the greatest common factor of 41910 and 14520?
330
What is the highest common factor of 7260 and 9150460?
220
What is the highest common divisor of 4 and 6654175?
1
Calculate the greatest common factor of 631725 and 200.
25
What is the highest common divisor of 76571 and 4389?
11
What is the highest common factor of 5328 and 4466448?
144
What is the highest common factor of 573440 and 816896?
256
Calculate the greatest common factor of 375 and 18908325.
75
What is the greatest common factor of 18774 and 27954?
18
Calculate the greatest common factor of 121372267 and 9182.
4591
Calculate the greatest common factor of 110977 and 5281.
1
Calculate the greatest common factor of 3498355 and 24759.
917
What is the greatest common divisor of 41094 and 99576?
54
What is the greatest common divisor of 16 and 1607966304?
16
What is the highest common factor of 70162698 and 1630?
326
What is the highest common factor of 366 and 206516?
2
Calculate the highest common divisor of 589777 and 14456.
139
What is the greatest common factor of 1353135 and 23667?
1029
What is the greatest common divisor of 221 and 134913571?
13
What is the highest common divisor of 102 and 2397942735?
51
What is the greatest common factor of 12583262 and 86?
86
Calculate the greatest common divisor of 4063148 and 3417.
67
Calculate the greatest common factor of 269240 and 5721880.
2120
Calculate the greatest common divisor of 88 and 21098264.
88
Calculate the highest common factor of 20825 and 634950.
425
Calculate the highest common factor of 25041561 and 11893.
1699
Calculate the highest common factor of 72 and 24102072.
72
What is the highest common divisor of 2242 and 1692482?
38
Calculate the greatest common factor of 1002240 and 1032.
24
Calculate the greatest common divisor of 10686856 and 3152.
1576
What is the highest common divisor of 33 and 51792763?
11
What is the highest common divisor of 179700 and 14100?
300
Calculate the greatest common divisor of 196 and 5012.
28
What is the greatest common divisor of 24129180 and 2960?
740
Calculate the highest common factor of 10292352 and 400.
16
What is the highest common divisor of 785794 and 37984?
2374
Calculate the greatest common factor of 17 and 42280037.
17
Calculate the greatest common factor of 2504 and 865344.
8
What is the greatest common divisor of 514300 and 116?
4
Calculate the greatest common factor of 87975 and 8280.
1035
Calculate the highest common factor of 230823 and 31603284.
2781
Calculate the greatest common divisor of 21346 and 7700159.
821
Calculate the greatest common divisor of 115 and 16214287.
23
What is the greatest common divisor of 155759 and 1421?
29
What is the highest common factor of 2013350 and 2500?
50
Calculate the greatest common factor of 19800 and 921600.
1800
What is the highest common factor of 46 and 104025044?
46
What is the greatest common factor of 1008 and 2855952?
144
Calculate the greatest common divisor of 1175835 and 3440.
215
Calculate the highest common factor of 297045465 and 30.
15
Calculate the highest common divisor of 204 and 25320072.
204
What is the greatest common factor of 30027926 and 92?
46
What is the greatest common divisor of 387339072 and 1662?
1662
Calculate the highest common factor of 3816 and 556447.
53
Calculate the highest common factor of 4 and 77708.
4
What is the highest common divisor of 8310224 and 728?
104
Calculate the greatest common factor of 7870079 and 28.
7
What is the highest common divisor of 6226857 and 195?
39
Calculate the greatest common divisor of 659061 and 154449.
1179
What is the greatest common divisor of 309 and 38206717?
103
Calculate the highest common factor of 31574751 and 266.
19
Calculate the greatest common factor of 23649 and 602513456.
7883
What is the highest common divisor of 54